ose 5*b = o - 16, -o - 3*b = -3*o + 11. What is the hundreds digit of (-36)/(-8)*(o - 1340/(-12))?
5
Let n be 1/1 + (-786)/2. Let d be -558 - ((-140)/7 + 30). Let f = n - d. What is the units digit of f?
6
Let h = 7113 - 6204. What is the hundreds digit of h?
9
Let g(x) = 816*x**3 + 2*x**2 + 6*x - 11. Let n be g(2). What is the tens digit of n/33 - (-7)/(-77)?
9
Let k = 63003 - 40055. What is the thousands digit of k?
2
Suppose -27*c + 468452 = 10*c + 31*c. What is the tens digit of c?
8
Suppose 80*m - 111*m = 64*m - 931855. What is the tens digit of m?
0
Let g(x) = 2*x + 18. Let w be g(-7). Let d be 0/1 + 228/4. Let m = d + w. What is the tens digit of m?
6
Let a(t) = -105*t + 1634. What is the ten thousands digit of a(-151)?
1
Let p = 14570 - 3528. What is the thousands digit of p?
1
Let i = 10475 + -6047. What is the thousands digit of i?
4
Let l(b) = 177*b**3 + 10*b**2 - 41*b + 212. What is the hundreds digit of l(8)?
1
Suppose 3*c - 8418 = -3*b, 202*c - 11209 = -4*b + 203*c. What is the thousands digit of b?
2
Let h = -12 - -8. Let r be h/8 - (-783)/6 - -1. Suppose 2*p - p = r. What is the tens digit of p?
3
Suppose 28*w - 33*w - 10400 = 0. What is the tens digit of ((-15)/(-10))/((-12)/w*2)?
3
Suppose -3*v = -v - 10. Suppose r + 4*r = c - 15, 2*r = v*c + 17. Let g(z) = -z**3 + 2*z**2 - z - 6. What is the tens digit of g(r)?
9
What is the tens digit of (25*11/55)/((-15)/(-147102))?
3
Let j = 929 + -927. Suppose -3*d - 3*n + 516 = j*d, 204 = 2*d + 2*n. What is the hundreds digit of d?
1
Let l(q) = 66*q + 7. Suppose 13*p = 8*p + 35. What is the hundreds digit of l(p)?
4
Let c(t) = 5*t**3 - 17*t**2 + 27. Let g(p) = p**3 + 1. Let u(l) = c(l) - 6*g(l). Let s be (7 - 5) + -24 + 5. What is the tens digit of u(s)?
2
Let v = -56006 + 103816. What is the units digit of v?
0
Let k(l) = 415*l - 9. Let a be k(1). Suppose -j + a = -4*r, -6*j - r = -7*j + 391. What is the hundreds digit of j?
3
Let k = 14573 - 7656. What is the thousands digit of k?
6
Suppose -559*o + 561*o - 3*r = 17, 12 = -4*r. Let a = 3 + -1. Suppose -5*p + o*p = 5*x - 192, -a*x - 164 = -p. What is the units digit of p?
2
Suppose -3 - 2 = -r, 3*r = 5*b + 20. What is the units digit of 72/2 - (4 + (0 - b))?
1
Suppose -l + 8*l + 126 = 0. Let g(b) = 2*b**2 + 5*b - 37. What is the hundreds digit of g(l)?
5
Suppose -51*x + 82824 = 17*x. What is the units digit of x?
8
Suppose 74*k = 79*k + 18100. Let d be k/(-30)*(-6)/(-4). Suppose g - 112 - d = 0. What is the units digit of g?
3
Let m(d) = -8*d**3 - 5*d - 2. Let f(o) = 8*o**3 + o**2 + 6*o + 2. Let q(r) = -6*f(r) - 5*m(r). What is the tens digit of q(-2)?
6
Let k = -10 - -41. Let y(l) = 6*l - 60. What is the tens digit of y(k)?
2
Suppose -45 = -11*m - 595. Let v be ((-20)/(-3))/(m/(-1425)). Suppose 0 = 5*t + 3*s + 242 - 1174, -t + v = -3*s. What is the units digit of t?
7
Let a(l) = l**3 - 20*l**2 + 35*l + 25. Let o be a(18). Suppose -2*u = -8, -o*u - 1274 = -2*n - 6*u. What is the hundreds digit of n?
6
Let k(w) be the first derivative of w**3/3 + 7*w**2/2 - 3*w + 5. Let i be k(-8). What is the tens digit of ((-6)/4)/(i/(-750)*3)?
7
Let m be 1*-8 + (106 - 20). Let t = m + 1901. What is the tens digit of t?
7
Let u = 29 + -71. Let f be u/(-8)*(-8)/((-2)/(-1)). What is the tens digit of (-6)/f - 2346/(-21)?
1
Let m be -3*(-8)/24*5. Suppose 33 = -42*o + 46*o - 5*z, o = -2*z + m. What is the units digit of o?
7
Suppose -61*n - 121336 = -69*n. What is the hundreds digit of n?
1
Let y(b) = 2*b**3 + 7*b**2 - 139*b + 1800. What is the thousands digit of y(14)?
6
Let m(c) = -320*c**2 + 6*c + 20. Let s be m(-4). What is the hundreds digit of (18/21)/((-18)/s)?
2
Suppose 3*v + 12 = 0, -2*v = -w + 7 - 0. Suppose 21 = -l + 22. What is the tens digit of (161*1 - w) + (l - 1)?
6
Suppose -223 - 287 = -3*t - 3*h, -4*h - 180 = -t. Suppose -20 = -5*m, 54 = 2*x - 2*m - t. Suppose z - w - 35 = 6, 5*w = -2*z + x. What is the tens digit of z?
4
Let f(j) = -j**3 + 14*j**2 - 25*j + 15. Let n be f(12). Suppose -4*t + 7*t + n*y - 207 = 0, -4*y = 16. What is the tens digit of t?
7
Let x(w) = w**3 + 69*w**2 + 499*w + 14. What is the units digit of x(-49)?
3
Let o(r) = -2*r**3 + 23*r**2 + 39*r + 5. Let k be o(13). Suppose -k*f + 517 = x, -x = f - 430 - 103. What is the hundreds digit of x?
5
Let o = 5725 - 3696. What is the thousands digit of o?
2
Suppose 262837 + 189953 = 45*a. What is the units digit of a?
2
Suppose 0 = -a - 4*m + 27, 5*a + 3*m - 2*m = 40. Let n(g) = -g - 23*g + 6*g**2 - a*g**2 + 35. What is the tens digit of n(-24)?
3
Suppose 5*j + 0*j - 30 = 0. Suppose -j*v + 261 = -3*v. Let q = 187 - v. What is the tens digit of q?
0
Suppose 2*n - 11*x = -6*x + 51, -3*n = -5*x - 64. Suppose 12*d + 919 = 2*k + n*d, 1829 = 4*k - d. What is the units digit of k?
8
Suppose -1387740 = -181*l + 3696550. What is the hundreds digit of l?
0
Suppose -40*c - 6020 = -44*c. Let w = -983 + c. What is the tens digit of w?
2
Let o = 124 - 115. Suppose -o*u = 6*u - 14145. What is the units digit of u?
3
Let a = 561 + -559. Suppose -a*k = 4*l - 1154, -11*k + 2909 = -6*k + 2*l. What is the units digit of k?
3
Let j be (2 + 8 + 0)*(-90)/25. Let a = -78 - j. What is the tens digit of -4*6/(-24) - a?
4
Suppose 0 = 8*a - 69436 + 7908. Suppose -5*q - 4*f = -a, f - 6 + 2 = 0. What is the tens digit of q?
3
Suppose -5*g + 12*k + 42636 = 13*k, 3*g - 25578 = 3*k. What is the thousands digit of g?
8
What is the tens digit of 1/(((-12)/(-10192))/(168/32))?
5
Let q be (-8)/(-32) + 2470/8. Let i = q - 466. Let v = 277 + i. What is the hundreds digit of v?
1
Let m(u) = 9*u**2 + 6*u - 1. Let k be m(3). Suppose 0 = -6*i + k + 40. Suppose b - i = -10. What is the units digit of b?
3
Let u = 1325 + 2595. What is the units digit of u?
0
Let n be (-1)/(31/5 - 6) + 517. Suppose 517*t - n*t - 2315 = 0. What is the hundreds digit of t?
4
Suppose 387*b - 5581862 = 68*b. What is the ten thousands digit of b?
1
Suppose -i + 138314 = 8*y, -5*i = 15*y - 10*y - 86455. What is the hundreds digit of y?
2
Let p(l) = 840*l + 9963. What is the hundreds digit of p(12)?
0
Let o be ((-1)/(-1))/(6*(-5)/(-120)). Suppose -4*g - 3304 = -8*g - r, 0 = -3*g - o*r + 2491. What is the units digit of g?
5
Let i(o) = 3*o**2 + 103*o + 49. Let n be i(-34). Suppose 23*t - n*t - 6256 = 0. What is the tens digit of t?
8
Let b(a) = -9*a + 71. Let z be b(9). What is the units digit of (-4)/(-10) - (576/z + -5)?
3
Let z = 3 + -5. Let b(h) = h**3 + 17*h**2 + 49*h - 24. Let t be b(-13). Let v = z + t. What is the units digit of v?
3
Let h = 894 + 4833. What is the units digit of h?
7
Let a be 4/6 + ((-4928)/(-12))/8. Suppose 46*l + 1008 = a*l. What is the tens digit of l?
6
What is the thousands digit of ((-1175718)/145)/((-12)/30)?
0
Let d(b) = -b**3 + b - 2. Let f be d(0). Let k be 54/6*f/(-3). Suppose k*t - 1141 = -241. What is the units digit of t?
0
What is the tens digit of ((-122880940)/(-117))/28 - ((-12)/(-27) + 0)?
0
Let r be 188/12 + (-10)/15. Let k be ((-2)/3)/(5/r). What is the units digit of (k - -89) + -8 + 8?
7
Let h(u) = 2*u**2 + 58*u - 70. Let s be h(-39). Suppose 708*y = s*y - 1302. What is the hundreds digit of y?
6
Let m = 232 - 229. Let u(s) = 24*s**2 - 3*s + 4. What is the tens digit of u(m)?
1
Suppose -20005 - 64711 = -4*v - 2*i, 3*i - 63534 = -3*v. What is the tens digit of v?
8
Let j = -1174 + 1683. Let f = j + -159. What is the units digit of f?
0
Suppose -11*h + 13*h + 1725 = 25*h. What is the tens digit of h?
7
Let h(r) = -14*r - 77. Let g be h(-20). Let a(k) = k**2 + 2*k + 1. Let s be a(11). Let t = g - s. What is the units digit of t?
9
Let f = 49 + -47. Suppose f*g - 16 = 3*v, 0 = -4*v - 3*g - 5 - 22. What is the tens digit of 26 + v/18 + 2/6?
2
Suppose 156578 + 142316 - 120649 = 17*w. What is the ten thousands digit of w?
1
Let z(k) = 134*k - 7. Let l be ((-20)/(-50))/((-2)/(-10)). Let p be z(l). What is the units digit of (14/(-21))/((-3)/p)?
8
Let f = 2652 - 1884. Suppose i = 3*t - 2013, t - f + 97 = 4*i. What is the hundreds digit of t?
6
Let y = -42 + 42. Let d be 4 - (10/10 + (y - -1)). Suppose q - 43 - 55 = -4*k, 58 = d*k + 5*q. What is the tens digit of k?
2
Suppose 3*m = -4*m + 35. Suppose -54*a = -56*a + m*r + 386, 3*r = 5*a - 1003. What is the tens digit of a?
0
Let d(p) = -p**3 - 13*p**2 -